) = -36*q + 14. Is b(u) a prime number?
False
Suppose -3*m = -2*b + 8715, -2*b - 4*m - 13073 = -5*b. Let j = b + -158. Is j composite?
False
Is 40876 + -7 + (-48)/6 a composite number?
True
Let l(s) = s**3 - s**2 - 381. Let i be l(0). Let o = -582 + -2. Let n = i - o. Is n composite?
True
Let o(t) = 9*t + 2. Let p be o(7). Let u = -14 + p. Suppose 475 = 4*x + u. Is x prime?
False
Suppose -69*r = -82*r + 22529. Is r a composite number?
False
Let j be 4/(-18) - (-4633)/(-9). Let x(b) = -2*b**3 - 2*b**2 - 9*b - 7. Let r be x(5). Let a = r - j. Is a a composite number?
False
Let f = -45 - -43. Is ((-2)/f)/((-5)/(-1115)) a composite number?
False
Let b = -25 - -33. Let d(s) = -s**3 + 5*s**2 + 5*s + 8. Let g be d(6). Is ((-124)/b)/(g/(-20)) a composite number?
True
Let q = 14 + -12. Let t = q + -5. Let w(l) = -138*l + 5. Is w(t) prime?
True
Let v(g) be the third derivative of -143*g**5/60 - 5*g**4/6 - 29*g**3/6 + 3*g**2. Let z(h) = 48*h**2 + 7*h + 10. Let c(f) = -4*v(f) - 11*z(f). Is c(-3) prime?
False
Let v = 52 - 47. Suppose -3*r - v*g + 816 + 4408 = 0, 2*r - 3446 = 4*g. Is r prime?
True
Suppose -672*s = -674*s + 34252. Is s a prime number?
False
Let t = 3194 + -1311. Is t prime?
False
Suppose -48 = 8*c - 24*c. Let q be 31 - (1 + 2 + -2). Suppose q = -c*u + 5*u. Is u a composite number?
True
Is ((-91500)/9 + 3)*(-1 - 2) a composite number?
False
Is (1/(-2))/(75998/(-8444) + 9) a composite number?
False
Let m(s) = 189*s**2 + 3*s + 1. Let b(y) = y**2 - 13*y - 17. Let a be b(14). Is m(a) a composite number?
False
Suppose 3*s = 6*s. Suppose s = 13*m - 10*m - 5133. Is m prime?
False
Let f(q) = 2*q + 69. Let h be -2*(-5)/2 - 0. Let l(m) = -m**2 + 4*m + 5. Let n be l(h). Is f(n) a prime number?
False
Suppose -18*b + 13079 = -36907. Is b a prime number?
True
Let p(a) = 674*a**3 - 3*a**2 + 3*a - 1. Suppose -o + c - 2*c - 3 = 0, 2*c = -8. Is p(o) composite?
False
Let j be (-4)/(-6) + (-4 - (-80)/15). Suppose j*o - 176 = 326. Is o composite?
False
Suppose -5*u + 22 - 2 = 0. Suppose 5*w = 4*x + 2, u*w - x + 2 = 8. Suppose -7*o + 605 = -w*o. Is o a composite number?
True
Let s be 2/(3*4/42). Let o(p) be the second derivative of p**5/20 - p**4/4 - 5*p**2/2 - 7*p + 4. Is o(s) composite?
False
Suppose -5*x = x + 396. Let z(s) = -4*s**2 - 3*s - 4. Let l be z(7). Let i = x - l. Is i a prime number?
False
Suppose -4*s = 2*c - 5942 - 60, 2*s + 5*c = 3013. Is s a prime number?
True
Let l = -5006 + 7489. Is l a composite number?
True
Is 9808/14 + 6/14 a prime number?
True
Let s be -2 + 9/((-18)/(-8)). Suppose 4*k + j = 1874, -3*k - s*k + 4*j + 2353 = 0. Is k composite?
True
Let p(z) = 1 + 34*z - 5 - 1 + 7*z. Is p(12) prime?
True
Let h(i) = -105*i - 281. Is h(-16) composite?
False
Let y be 10/(-45) - (2 + 119/(-9)). Suppose -y*i + 3*i + 3912 = 0. Is i prime?
False
Is (-2)/(-2) - (-10)/(90/51813) a prime number?
False
Let u be (15/(-30))/((-2)/1176). Let p = 1457 - u. Is p a prime number?
True
Let y = -2435 + 7704. Is y a prime number?
False
Is (-1 + -3 - -5)*53543 composite?
True
Suppose -2463 = -24*a + 21*a. Is a a prime number?
True
Let o(c) be the second derivative of -41*c**3/2 + 37*c**2/2 - 6*c. Is o(-14) composite?
False
Let m(k) = k**2 + 5*k - 3. Let r be m(-6). Suppose r*x = -3*l + 3, -x = -4*l - 4*x + 7. Suppose -l*c + 8 = 0, c - 2*c - 260 = -2*a. Is a a prime number?
True
Let i = 16 + -11. Suppose 0 = m + 2, 2101 + 2332 = i*u + m. Is u prime?
True
Let a(c) = -80*c + 6. Suppose 4*y - 24 = 20. Let u be a(y). Let q = 507 - u. Is q composite?
False
Let c(z) = 9*z**3 - 3*z**2 - 4*z + 2. Let b be c(4). Let j(x) = -32*x + 15. Let k be j(-9). Let n = b - k. Is n a prime number?
True
Let o(d) = -d**3 + 53*d**2 + 56*d + 11. Is o(52) composite?
True
Let h(p) = -16*p**3 - 2*p**2 + 1. Let b(q) = 2*q**3 + q**2 - 4. Let a be b(0). Is h(a) a composite number?
True
Suppose -4*k = -17 + 1. Let d(j) = 257*j + 8. Let m be d(k). Suppose 0*n = -4*n + m. Is n a composite number?
True
Let x(c) = c**3 - 10*c**2 + 10*c + 13. Let d be x(9). Suppose -n - d + 29 = 0. Is n a prime number?
True
Suppose 0*g - 1074 = -3*g - 2*a, 4*g - 1432 = -3*a. Let o = -69 + g. Suppose -2*k + o = -3*s + 58, -5*s + 207 = 2*k. Is k prime?
False
Let n(w) be the third derivative of -17*w**4/4 + 5*w**3/6 + 15*w**2. Let o(y) = -y**2 - 4*y + 8. Let f be o(-6). Is n(f) composite?
True
Let w(r) = -r**2 - 12*r - 12. Let m be w(-11). Let c be (-30)/(-3) - m - 1. Is ((-23)/(-2) - 3)*c prime?
False
Let z(q) = -4460*q + 13. Is z(-2) a prime number?
True
Let u be (-1*(-3)/9)/((-4)/(-109524)). Let h = u - 3980. Is h prime?
True
Let f be (-1 - 860) + 1 + 0. Let d = 1625 + f. Suppose -2*k - 2*w - 1261 = -7*k, -d = -3*k + 4*w. Is k a prime number?
True
Suppose -4*h + g = 1191, h + 2*g - 5*g + 295 = 0. Let y = 695 - h. Is y composite?
True
Suppose 16*s - 80218 = -22*s. Is s a composite number?
False
Is (-79)/(29/(-7) - (-108)/27) a prime number?
False
Let q(b) = -209*b - 5. Let h = -14 + 13. Let i(l) = l - 1. Let d be i(h). Is q(d) composite?
True
Let o(y) = -2*y - 6. Let t be o(-4). Suppose -6*c + 5348 = -t*c. Is c composite?
True
Suppose 3*r - 2*u + 697 = 3*u, -5*u + 463 = -2*r. Let z = 119 - r. Is z a composite number?
False
Let w(i) = i**2 - i + 7871. Is w(0) a prime number?
False
Suppose 0 = 2*v - 4*v. Suppose -7*m = -v*m - 1561. Is m prime?
True
Suppose 4*o - 4*u = 5636, -u - 1409 = -o - 2*u. Is o a composite number?
False
Suppose -3*f + 69 = 4*u, 8 = 2*u - 3*f - 13. Let n = -13 - -19. Is u/n*(-424)/(-20) prime?
True
Suppose -4*h + 2*h = 7*h. Is (-20 - (3 - h))*-29 composite?
True
Suppose -5*p + 13539 = -3*n + 2788, -6443 = -3*p - 2*n. Is p a prime number?
False
Suppose 0*u + 1983 = -3*x + 3*u, -5*x = -4*u + 3300. Let a be (-3)/(3 - x/(-218)). Suppose k + 2*o + a = 4*k, -436 = -4*k - 5*o. Is k a composite number?
False
Is (-5)/2*143044/(-10) a prime number?
False
Let t(k) = -90*k**3 + 2*k**2 - k - 2. Let j be t(-1). Let x = 153 - j. Is x a prime number?
False
Let n(x) = x**3 - 14*x**2 + 39*x + 29. Is n(17) composite?
False
Let w(c) = c**3 - 3*c**2 + 2*c - 2. Let g = -24 + 27. Let y be w(g). Suppose 0 = -y*n + 271 + 237. Is n a composite number?
False
Let k(t) = 475*t**2 + 4*t - 7. Let r be ((-2)/5)/((-4)/40). Is k(r) prime?
False
Let h be (-18)/(-22) + (-10)/(-55). Is (0 - -3 - -56)/h a prime number?
True
Suppose -10516 = 20*k - 24*k. Is k composite?
True
Let n(u) = u**3 - u**2 + 7*u - 2. Let w be n(-10). Let r = 105 - 97. Is 2*w/r*-1 prime?
True
Let z = -1526 + 3285. Is z prime?
True
Suppose 0*w - x + 90 = 3*w, -2*x = 0. Let s = w + 59. Is s prime?
True
Let k = 17113 + -6066. Is k a composite number?
False
Suppose -28048 = -30*j + 14*j. Is j composite?
False
Let t(s) = s**3 + 26*s**2 + 30*s - 50. Is t(-17) a prime number?
False
Suppose 0*g + 2*g - 4 = 0. Suppose 5 = -g*v - 3. Is v + 5/(5/153) a composite number?
False
Suppose a = -4*y + 5*a, 0 = y - 4*a + 12. Suppose -y*d = 12, -292 = 2*q - d - 1557. Is q a prime number?
True
Let r(v) = 9673*v**2 - 7*v - 9. Is r(-1) a prime number?
False
Let x = -345 - -4462. Is x prime?
False
Let k(j) = j**2 - 9*j - 7. Let f be k(10). Let m be (0 + -2)/((-2)/f). Suppose -3*i + 4*i - 226 = 3*l, -5*l = m*i - 720. Is i composite?
True
Suppose 5*z = -f + 296, -2*z = 2*f - 3*f + 275. Let q be (-4)/2 + 4 + 1. Suppose -q*m + f + 316 = 0. Is m a prime number?
True
Suppose -29 = 3*x + 5*s, 0 = 5*x - 4*s - 15 + 88. Let l = 60 + x. Is l prime?
True
Suppose 3*t - 5*f = 6604, 2*t - 5017 + 609 = -2*f. Is t a composite number?
False
Let w(q) = -3 - 4*q**2 + 0*q**2 + 3*q**2 + 0*q + 10*q. Let x be w(9). Suppose -9*d + 1119 = -x*d. Is d composite?
False
Suppose -4*r - y + 20 = 0, -4*r + 2*y = 5*y - 28. Suppose r - 1 = c. Suppose -c*q + 49 = -20. Is q a composite number?
False
Is (-4)/18 + ((-121306)/(-18) - -4) composite?
True
Let f = 8 - 14. Let b be (-158)/(-6) - 4/f. Is (-1461 - 0)*(-9)/b composite?
False
Suppose 1666*j = 1668*j - 2726. Is j prime?
False
Let r(g) = -19*g + 1. Let f(q) = -20*q + 2. Let h(i) = 2*f(i) - 3*r(i). Suppose 0 = -2*z - 2*z + 16. Is h(z) a composite number?
True
Suppose 2*o + 2796 = 5*o - 3*x, 5*o + 4*x = 4705. Is o prime?
True
Suppose -11*q - 33892 = -98748. Suppose -4*c = 3*u - 2716 - q, -4*u + 6459 = 3*c. Is c prime?
True
Suppose -6*x = -10313 - 69973. Is x a prime nu